03
What are the prime factors of 229965443?
17, 13527379
What are the prime factors of 75601916?
2, 13, 1453883
What are the prime factors of 88229492?
2, 13, 130517
List the prime factors of 6809023734.
2, 3, 1134837289
What are the prime factors of 5062850585?
5, 13, 631, 123439
List the prime factors of 88487218.
2, 19, 179, 13009
What are the prime factors of 2532494987?
11, 230226817
What are the prime factors of 56414554?
2, 7, 4029611
List the prime factors of 138490188.
2, 3, 11540849
What are the prime factors of 28326204?
2, 3, 61, 12899
List the prime factors of 46959024.
2, 3, 7, 139759
What are the prime factors of 265221032?
2, 37, 331, 2707
List the prime factors of 933387586.
2, 67, 191, 36469
What are the prime factors of 3756313984?
2, 19, 1544537
List the prime factors of 630543215.
5, 19, 6637297
What are the prime factors of 318377202?
2, 3, 11, 13, 371069
List the prime factors of 5294497.
13, 17, 23957
What are the prime factors of 78821249?
13, 1307, 4639
What are the prime factors of 283372942?
2, 151, 521, 1801
What are the prime factors of 908402058?
2, 3, 50466781
List the prime factors of 1228895072.
2, 19, 1153, 1753
List the prime factors of 147491187.
3, 29, 67, 25303
What are the prime factors of 11665841?
11, 37, 28663
What are the prime factors of 5764270?
2, 5, 576427
List the prime factors of 1045348037.
17, 61491061
What are the prime factors of 35562223?
35562223
List the prime factors of 66991297.
73, 917689
List the prime factors of 1460796549.
3, 17401, 27983
What are the prime factors of 962591070?
2, 3, 5, 7, 89, 51503
List the prime factors of 454122687.
3, 29, 5219801
List the prime factors of 4063139.
31, 53, 2473
List the prime factors of 3436023.
3, 17, 89, 757
What are the prime factors of 1827672894?
2, 3, 151, 281, 2393
List the prime factors of 2150098245.
3, 5, 3119, 15319
What are the prime factors of 1028030270?
2, 5, 102803027
List the prime factors of 302656262.
2, 113, 1339187
What are the prime factors of 7719377?
17, 19, 23899
List the prime factors of 364500848.
2, 4409, 5167
What are the prime factors of 1553415?
3, 5, 103561
List the prime factors of 83093951.
83093951
What are the prime factors of 59859392?
2, 935303
What are the prime factors of 4183255460?
2, 5, 19, 149, 73883
List the prime factors of 1734330097.
2357, 735821
What are the prime factors of 292475359?
11, 31, 53, 16183
What are the prime factors of 116365939?
116365939
List the prime factors of 2146494122.
2, 30133, 35617
What are the prime factors of 548918565?
3, 5, 13, 61, 46147
List the prime factors of 5145476984.
2, 467, 1377269
What are the prime factors of 916149395?
5, 7, 1049, 24953
What are the prime factors of 43471958?
2, 17, 75211
What are the prime factors of 127363570?
2, 5, 967, 13171
List the prime factors of 356192357.
101, 3526657
List the prime factors of 309947847.
3, 11, 9392359
What are the prime factors of 123104459?
123104459
List the prime factors of 1432470743.
11, 19, 181, 1993
List the prime factors of 359183981.
13, 229, 9281
List the prime factors of 635945529.
3, 37, 5729239
List the prime factors of 83339554.
2, 47, 886591
What are the prime factors of 1210517344?
2, 37828667
List the prime factors of 2028316319.
89, 1789, 12739
What are the prime factors of 138862213?
7, 19837459
List the prime factors of 185603567.
29, 6400123
List the prime factors of 591488914.
2, 295744457
What are the prime factors of 574371633?
3, 11, 79, 20029
What are the prime factors of 292178528?
2, 1091, 8369
List the prime factors of 4037468506.
2, 2018734253
What are the prime factors of 10940783?
7, 59, 449
What are the prime factors of 18388136?
2, 13, 176809
What are the prime factors of 81522772?
2, 1949, 10457
List the prime factors of 5047895208.
2, 3, 29, 2039, 3557
What are the prime factors of 34589668?
2, 8647417
What are the prime factors of 149001257?
37, 41, 98221
List the prime factors of 3268018852.
2, 7, 47, 97, 25601
What are the prime factors of 953832922?
2, 7, 953, 1459
What are the prime factors of 4818547?
31, 37, 4201
List the prime factors of 160004291.
160004291
What are the prime factors of 45108244?
2, 23, 113, 4339
List the prime factors of 30060438.
2, 3, 5010073
What are the prime factors of 824887418?
2, 97, 487, 8731
What are the prime factors of 25854009?
3, 37, 232919
What are the prime factors of 156406945?
5, 31281389
List the prime factors of 181365366.
2, 3, 7, 13, 6779
What are the prime factors of 68013295?
5, 7, 1943237
List the prime factors of 3032987736.
2, 3, 23, 29, 189467
List the prime factors of 21151428.
2, 3, 1762619
List the prime factors of 18825406.
2, 2311, 4073
List the prime factors of 133159690.
2, 5, 13315969
List the prime factors of 1311474101.
7, 187353443
List the prime factors of 14502846.
2, 3, 2417141
What are the prime factors of 27013555?
5, 31, 174281
What are the prime factors of 38526808?
2, 349, 13799
List the prime factors of 2912961643.
103, 28281181
List the prime factors of 1065790553.
1065790553
What are the prime factors of 38227450?
2, 5, 47, 16267
List the prime factors of 74165607.
3, 19, 179, 2423
What are the prime factors of 72050139?
3, 7, 199, 821
List the prime factors of 63926956.
2, 47, 340037
What are the prime factors of 102209038?
2, 61, 837779
List the prime factors of 272386104.
2, 3, 17, 71, 9403
List the prime factors of 191178417.
3, 251, 307, 827
What are the prime factors of 223177121?
1637, 136333
What are the prime factors of 8907380?
2, 5, 37, 12037
What are the prime factors of 124279910?
2, 5, 12427991
List the prime factors of 133450587.
3, 14827843
What are the prime factors of 874971772?
2, 911, 240113
What are the prime factors of 764655049?
11887, 64327
List the prime factors of 495672975.
3, 5, 7, 44959
What are the prime factors of 2602652515?
5, 23, 22631761
What are the prime factors of 1090010564?
2, 929, 293329
What are the prime factors of 932543414?
2, 11, 613, 69149
List the prime factors of 416418467.
67, 6215201
What are the prime factors of 684807565?
5, 13, 1361, 7741
List the prime factors of 1154293300.
2, 5, 857, 13469
What are the prime factors of 1862442583?
31, 97, 787
List the prime factors of 5531614271.
3631, 1523441
What are the prime factors of 7715331701?
7, 11, 14314159
List the prime factors of 13081430.
2, 5, 811, 1613
List the prime factors of 70494160.
2, 5, 11, 80107
What are the prime factors of 7098161?
7, 163, 6221
List the prime factors of 869286345.
3, 5, 31, 1869433
List the prime factors of 644825941.
11941, 54001
List the prime factors of 336046658.
2, 168023329
List the prime factors of 114835565.
5, 13, 1766701
List the prime factors of 136871483.
7, 4259, 4591
What are the prime factors of 226850878?
2, 67, 1692917
List the prime factors of 54236237.
11, 4930567
List the prime factors of 2401339639.
31, 77462569
List the prime factors of 89912738.
2, 37, 83, 14639
List the prime factors of 37398655.
5, 7, 53, 20161
List the prime factors of 58243151.
19, 281, 10909
What are the prime factors of 51390464?
2, 23, 1091
List the prime factors of 26141165.
5, 47, 173, 643
List the prime factors of 48481939.
11, 19, 29, 421
List the prime factors of 15308066.
2, 103, 74311
List the prime factors of 98294904.
2, 3, 19, 43, 557
What are the prime factors of 264037007?
13, 41, 97, 5107
What are the prime factors of 200196092?
2, 50049023
List the prime factors of 127454078.
2, 63727039
List the prime factors of 76695728.
2, 47, 79, 1291
What are the prime factors of 103578895?
5, 7, 419, 1009
What are the prime factors of 338082211?
43, 7862377
List the prime factors of 52085242.
2, 11, 2367511
List the prime factors of 732882289.
79, 9276991
What are the prime factors of 415504454?
2, 207752227
List the prime factors of 37654338.
2, 3, 599, 10477
What are the prime factors of 13472196?
2, 3, 1122683
List the prime factors of 85713656.
2, 7, 1530601
What are the prime factors of 4607962706?
2, 103, 22368751
List the prime factors of 2592884597.
2592884597
What are the prime factors of 100301493?
3, 53, 630827
What are the prime factors of 45179981?
7, 11, 23, 97, 263
What are the prime factors of 2592698670?
2, 3, 5, 28807763
What are the prime factors 